{"id":82,"date":"2021-01-02T05:28:32","date_gmt":"2021-01-02T05:28:32","guid":{"rendered":"http:\/\/terraalimentos.com.br\/?product=green-beans-1-kg-4"},"modified":"2022-08-11T12:24:58","modified_gmt":"2022-08-11T12:24:58","slug":"green-beans-1-kg-4","status":"publish","type":"product","link":"https:\/\/terraalimentos.com.br\/?product=green-beans-1-kg-4","title":{"rendered":"Lim\u00e3o"},"content":{"rendered":"<p>Farmacologicamente, o lim\u00e3o \u00e9 principalmente importante pelo seu valor nutricional de vitamina C e pot\u00e1ssio.<sup id=\"cite_ref-drugs_2-6\" class=\"reference\"><\/sup><\/p>\n<p>No Brasil, os chamados\u00a0<a title=\"Lima comum\" href=\"https:\/\/pt.wikipedia.org\/wiki\/Lima_comum\">lim\u00e3o-galego<\/a>\u00a0e o\u00a0<a title=\"Citrus \u00d7 latifolia\" href=\"https:\/\/pt.wikipedia.org\/wiki\/Citrus_%C3%97_latifolia\">lim\u00e3o-taiti<\/a>, na verdade, n\u00e3o s\u00e3o lim\u00f5es, mas sim\u00a0<a class=\"mw-redirect\" title=\"Lima (fruta)\" href=\"https:\/\/pt.wikipedia.org\/wiki\/Lima_(fruta)\">limas<\/a>\u00a0\u00e1cidas. O chamado lim\u00e3o-verdadeiro, tamb\u00e9m conhecido como siciliano, eureca ou lisboa, \u00e9 a esp\u00e9cie mais consumida na Europa e nos Estados Unidos, possuindo o nome cient\u00edfico\u00a0<i>Citrus x limon<\/i>; esse lim\u00e3o possui uma casca amarela.<sup id=\"cite_ref-tipos_4-1\" class=\"reference\"><a href=\"https:\/\/pt.wikipedia.org\/wiki\/Lim%C3%A3o#cite_note-tipos-4\">[4]<\/a><\/sup><\/p>\n<p>As principais diferen\u00e7as entre lim\u00f5es e\u00a0<a class=\"mw-redirect\" title=\"Lima (fruta)\" href=\"https:\/\/pt.wikipedia.org\/wiki\/Lima_(fruta)\">limas<\/a>\u00a0\u00e1cidas s\u00e3o o tamanho e o gosto ligeiramente diferente, pois lim\u00f5es t\u00eam sabor um pouco mais suave. Apesar disso, todas essas esp\u00e9cies t\u00eam origens parecidas. Outra coisa que diferencia os lim\u00f5es de limas \u00e1cidas \u00e9 o rendimento para fazer sucos, sendo que as limas s\u00e3o melhores para esse uso.<sup id=\"cite_ref-tipos_4-2\" class=\"reference\"><\/sup><\/p>\n<p><strong>\u00a0 \u00a0 \u00a0 \u00a0Caracter\u00edsticas do Lim\u00e3o<\/strong><\/p>\n<table class=\"infobox\">\n<tbody>\n<tr>\n<th colspan=\"2\" data-darkreader-inline-bgcolor=\"\">Lim\u00e3o (ao natural, sem casca)<sup id=\"cite_ref-17\" class=\"reference\"><a href=\"https:\/\/pt.wikipedia.org\/wiki\/Lim%C3%A3o#cite_note-17\">[17]<\/a><\/sup><\/th>\n<\/tr>\n<tr>\n<th colspan=\"2\" data-darkreader-inline-bgcolor=\"\">Valor nutricional por 100\u00a0g\u00a0(3,53\u00a0<a title=\"On\u00e7a (massa)\" href=\"https:\/\/pt.wikipedia.org\/wiki\/On%C3%A7a_(massa)\">oz<\/a>)<\/th>\n<\/tr>\n<tr data-darkreader-inline-bgcolor=\"\">\n<th><a title=\"Energia alimentar\" href=\"https:\/\/pt.wikipedia.org\/wiki\/Energia_alimentar\">Energia<\/a><\/th>\n<td>121\u00a0<a title=\"Joule\" href=\"https:\/\/pt.wikipedia.org\/wiki\/Joule\">kJ<\/a>\u00a0(30\u00a0<a class=\"mw-redirect\" title=\"Calorias\" href=\"https:\/\/pt.wikipedia.org\/wiki\/Calorias\">kcal<\/a>)<\/td>\n<\/tr>\n<tr>\n<th colspan=\"2\" data-darkreader-inline-bgcolor=\"\"><a title=\"Carboidrato\" href=\"https:\/\/pt.wikipedia.org\/wiki\/Carboidrato\">Carboidratos<\/a><\/th>\n<\/tr>\n<tr>\n<th><a title=\"Carboidrato\" href=\"https:\/\/pt.wikipedia.org\/wiki\/Carboidrato\">Carboidratos<\/a>\u00a0totais<\/th>\n<td>9.32 g<\/td>\n<\/tr>\n<tr>\n<th>\u00a0\u2022\u00a0<a title=\"A\u00e7\u00facar\" href=\"https:\/\/pt.wikipedia.org\/wiki\/A%C3%A7%C3%BAcar\">A\u00e7\u00facares<\/a><\/th>\n<td>2.50 g<\/td>\n<\/tr>\n<tr>\n<th>\u00a0\u2022\u00a0<a title=\"Fibra diet\u00e9tica\" href=\"https:\/\/pt.wikipedia.org\/wiki\/Fibra_diet%C3%A9tica\">Fibra diet\u00e9tica<\/a><\/th>\n<td>2.8 g<\/td>\n<\/tr>\n<tr>\n<th colspan=\"2\" data-darkreader-inline-border-bottom=\"\"><\/th>\n<\/tr>\n<tr>\n<th colspan=\"2\" data-darkreader-inline-bgcolor=\"\"><a title=\"Gordura\" href=\"https:\/\/pt.wikipedia.org\/wiki\/Gordura\">Gorduras<\/a><\/th>\n<\/tr>\n<tr>\n<th><a title=\"Gordura\" href=\"https:\/\/pt.wikipedia.org\/wiki\/Gordura\">Gorduras<\/a>\u00a0totais<\/th>\n<td>0.30 g<\/td>\n<\/tr>\n<tr>\n<th colspan=\"2\" data-darkreader-inline-border-bottom=\"\"><\/th>\n<\/tr>\n<tr>\n<th colspan=\"2\" data-darkreader-inline-bgcolor=\"\"><a title=\"Prote\u00edna\" href=\"https:\/\/pt.wikipedia.org\/wiki\/Prote%C3%ADna\">Prote\u00ednas<\/a><\/th>\n<\/tr>\n<tr>\n<th><a title=\"Prote\u00edna\" href=\"https:\/\/pt.wikipedia.org\/wiki\/Prote%C3%ADna\">Prote\u00ednas<\/a>\u00a0totais<\/th>\n<td>1.10 g<\/td>\n<\/tr>\n<tr>\n<th colspan=\"2\" data-darkreader-inline-border-bottom=\"\"><\/th>\n<\/tr>\n<tr>\n<th colspan=\"2\" data-darkreader-inline-bgcolor=\"\"><a title=\"Vitamina\" href=\"https:\/\/pt.wikipedia.org\/wiki\/Vitamina\">Vitaminas<\/a><\/th>\n<\/tr>\n<tr>\n<td><a title=\"Tiamina\" href=\"https:\/\/pt.wikipedia.org\/wiki\/Tiamina\">Tiamina (vit. B<sub>1<\/sub>)<\/a><\/td>\n<td>0.040 mg (3%)<\/td>\n<\/tr>\n<tr>\n<td><a title=\"Riboflavina\" href=\"https:\/\/pt.wikipedia.org\/wiki\/Riboflavina\">Riboflavina (vit. B<sub>2<\/sub>)<\/a><\/td>\n<td>0.020 mg (2%)<\/td>\n<\/tr>\n<tr>\n<td><a title=\"Niacina\" href=\"https:\/\/pt.wikipedia.org\/wiki\/Niacina\">Niacina (vit. B<sub>3<\/sub>)<\/a><\/td>\n<td>0.100 mg (1%)<\/td>\n<\/tr>\n<tr>\n<td><a class=\"mw-redirect\" title=\"\u00c1cido pantot\u00eanico\" href=\"https:\/\/pt.wikipedia.org\/wiki\/%C3%81cido_pantot%C3%AAnico\">\u00c1cido pantot\u00eanico<\/a>\u00a0(B<sub>5<\/sub>)<\/td>\n<td>0.190 mg (4%)<\/td>\n<\/tr>\n<tr>\n<td><a title=\"Vitamina B6\" href=\"https:\/\/pt.wikipedia.org\/wiki\/Vitamina_B6\">Vitamina B<sub>6<\/sub><\/a><\/td>\n<td>0.080 mg (6%)<\/td>\n<\/tr>\n<tr>\n<td><a title=\"\u00c1cido f\u00f3lico\" href=\"https:\/\/pt.wikipedia.org\/wiki\/%C3%81cido_f%C3%B3lico\">\u00c1cido f\u00f3lico<\/a>\u00a0(vit. B<sub>9<\/sub>)<\/td>\n<td>11 \u00b5g (3%)<\/td>\n<\/tr>\n<tr>\n<td><a title=\"\u00c1cido asc\u00f3rbico\" href=\"https:\/\/pt.wikipedia.org\/wiki\/%C3%81cido_asc%C3%B3rbico\">Vitamina C<\/a><\/td>\n<td>53.0 mg (64%)<\/td>\n<\/tr>\n<tr>\n<th colspan=\"2\" data-darkreader-inline-border-bottom=\"\"><\/th>\n<\/tr>\n<tr>\n<th colspan=\"2\" data-darkreader-inline-bgcolor=\"\"><a class=\"mw-redirect\" title=\"Minerais\" href=\"https:\/\/pt.wikipedia.org\/wiki\/Minerais#Minerais_diet.C3.A9ticos\">Minerais<\/a><\/th>\n<\/tr>\n<tr>\n<td><a title=\"C\u00e1lcio\" href=\"https:\/\/pt.wikipedia.org\/wiki\/C%C3%A1lcio#Nutri%C3%A7%C3%A3o\">C\u00e1lcio<\/a><\/td>\n<td>26 mg (3%)<\/td>\n<\/tr>\n<tr>\n<td><a title=\"Ferro\" href=\"https:\/\/pt.wikipedia.org\/wiki\/Ferro#Papel_biol%C3%B3gico\">Ferro<\/a><\/td>\n<td>0.60 mg (5%)<\/td>\n<\/tr>\n<tr>\n<td><a title=\"Magn\u00e9sio\" href=\"https:\/\/pt.wikipedia.org\/wiki\/Magn%C3%A9sio#Papel_biol%C3%B3gico\">Magn\u00e9sio<\/a><\/td>\n<td>8 mg (2%)<\/td>\n<\/tr>\n<tr>\n<td><a title=\"F\u00f3sforo\" href=\"https:\/\/pt.wikipedia.org\/wiki\/F%C3%B3sforo#A%C3%A7%C3%A3o_biol%C3%B3gica\">F\u00f3sforo<\/a><\/td>\n<td>16 mg (2%)<\/td>\n<\/tr>\n<tr>\n<td><a title=\"Pot\u00e1ssio\" href=\"https:\/\/pt.wikipedia.org\/wiki\/Pot%C3%A1ssio#A%C3%A7%C3%A3o_biol%C3%B3gica\">Pot\u00e1ssio<\/a><\/td>\n<td>138 mg (3%)<\/td>\n<\/tr>\n<tr>\n<td><a title=\"Zinco\" href=\"https:\/\/pt.wikipedia.org\/wiki\/Zinco#Papel_biol%C3%B3gico\">Zinco<\/a><\/td>\n<td>0.06 mg (1%)<\/td>\n<\/tr>\n<\/tbody>\n<\/table>\n","protected":false},"excerpt":{"rendered":"<p>Etiam ultrices. Suspendisse in justo eu magna luctus suscipit. Sed lectus. Integer euismod lacus luctus magna. Quisque cursus, metus vitae.<\/p>\n","protected":false},"featured_media":362,"comment_status":"open","ping_status":"closed","template":"","meta":{"om_disable_all_campaigns":false,"_mi_skip_tracking":false},"product_cat":[18],"product_tag":[21,23,22],"aioseo_notices":[],"_links":{"self":[{"href":"https:\/\/terraalimentos.com.br\/index.php?rest_route=\/wp\/v2\/product\/82"}],"collection":[{"href":"https:\/\/terraalimentos.com.br\/index.php?rest_route=\/wp\/v2\/product"}],"about":[{"href":"https:\/\/terraalimentos.com.br\/index.php?rest_route=\/wp\/v2\/types\/product"}],"replies":[{"embeddable":true,"href":"https:\/\/terraalimentos.com.br\/index.php?rest_route=%2Fwp%2Fv2%2Fcomments&post=82"}],"wp:featuredmedia":[{"embeddable":true,"href":"https:\/\/terraalimentos.com.br\/index.php?rest_route=\/wp\/v2\/media\/362"}],"wp:attachment":[{"href":"https:\/\/terraalimentos.com.br\/index.php?rest_route=%2Fwp%2Fv2%2Fmedia&parent=82"}],"wp:term":[{"taxonomy":"product_cat","embeddable":true,"href":"https:\/\/terraalimentos.com.br\/index.php?rest_route=%2Fwp%2Fv2%2Fproduct_cat&post=82"},{"taxonomy":"product_tag","embeddable":true,"href":"https:\/\/terraalimentos.com.br\/index.php?rest_route=%2Fwp%2Fv2%2Fproduct_tag&post=82"}],"curies":[{"name":"wp","href":"https:\/\/api.w.org\/{rel}","templated":true}]}}