{"id":83,"date":"2021-01-02T05:14:26","date_gmt":"2021-01-02T05:14:26","guid":{"rendered":"http:\/\/terraalimentos.com.br\/?product=tomato"},"modified":"2022-08-11T12:41:23","modified_gmt":"2022-08-11T12:41:23","slug":"tomato","status":"publish","type":"product","link":"https:\/\/terraalimentos.com.br\/?product=tomato","title":{"rendered":"Tomate"},"content":{"rendered":"<p>O consumo do tomate \u00e9 recomendado pelos\u00a0<a title=\"Nutri\u00e7\u00e3o\" href=\"https:\/\/pt.wikipedia.org\/wiki\/Nutri%C3%A7%C3%A3o\">nutricionistas<\/a>\u00a0por ser um\u00a0<a title=\"Alimento\" href=\"https:\/\/pt.wikipedia.org\/wiki\/Alimento\">alimento<\/a>\u00a0rico em\u00a0<a title=\"Licopeno\" href=\"https:\/\/pt.wikipedia.org\/wiki\/Licopeno\">licopeno<\/a>\u00a0(m\u00e9dia de 3,31 miligramas em cem gramas),\u00a0<a title=\"Vitamina\" href=\"https:\/\/pt.wikipedia.org\/wiki\/Vitamina\">vitaminas<\/a>\u00a0do\u00a0<a class=\"mw-redirect\" title=\"Complexo A\" href=\"https:\/\/pt.wikipedia.org\/wiki\/Complexo_A\">complexo A<\/a>\u00a0e\u00a0<a title=\"Complexo B\" href=\"https:\/\/pt.wikipedia.org\/wiki\/Complexo_B\">complexo B<\/a>\u00a0e minerais importantes, como o\u00a0<a title=\"F\u00f3sforo\" href=\"https:\/\/pt.wikipedia.org\/wiki\/F%C3%B3sforo\">f\u00f3sforo<\/a>\u00a0e o\u00a0<a title=\"Pot\u00e1ssio\" href=\"https:\/\/pt.wikipedia.org\/wiki\/Pot%C3%A1ssio\">pot\u00e1ssio<\/a>, al\u00e9m de\u00a0<a title=\"\u00c1cido f\u00f3lico\" href=\"https:\/\/pt.wikipedia.org\/wiki\/%C3%81cido_f%C3%B3lico\">\u00e1cido f\u00f3lico<\/a>,\u00a0<a title=\"C\u00e1lcio\" href=\"https:\/\/pt.wikipedia.org\/wiki\/C%C3%A1lcio\">c\u00e1lcio<\/a>\u00a0e\u00a0<a title=\"Frutose\" href=\"https:\/\/pt.wikipedia.org\/wiki\/Frutose\">frutose<\/a>. Quanto mais maduro, maior a concentra\u00e7\u00e3o desses nutrientes.<\/p>\n<p>O tomate \u00e9 composto principalmente de \u00e1gua, possuindo, aproximadamente, catorze\u00a0<a title=\"Caloria\" href=\"https:\/\/pt.wikipedia.org\/wiki\/Caloria\">calorias<\/a>\u00a0em cem gramas, somente. Alguns estudos comprovam sua influ\u00eancia positiva no tratamento de c\u00e2ncer, pois o licopeno, pigmento que d\u00e1 cor ao tomate, \u00e9 considerado eficiente na preven\u00e7\u00e3o do c\u00e2ncer de pr\u00f3stata e no fortalecimento do\u00a0<a class=\"mw-redirect\" title=\"Sistema imunol\u00f3gico\" href=\"https:\/\/pt.wikipedia.org\/wiki\/Sistema_imunol%C3%B3gico\">sistema imunol\u00f3gico<\/a>.<\/p>\n<p>De 1986 a 1998, a\u00a0<a class=\"mw-redirect\" title=\"Universidade de Harvard\" href=\"https:\/\/pt.wikipedia.org\/wiki\/Universidade_de_Harvard\">Universidade de Harvard<\/a>, nos\u00a0<a title=\"Estados Unidos\" href=\"https:\/\/pt.wikipedia.org\/wiki\/Estados_Unidos\">Estados Unidos<\/a>, analisou os h\u00e1bitos de 50 000 homens. Segundo os resultados da pesquisa, os homens que consumiam molho de tomate duas vezes por semana tiveram 23 por cento menos incid\u00eancia de c\u00e2ncer do que outros. A pesquisa concluiu, ainda, que os benef\u00edcios podem ser maiores caso o tomate seja cozido, acompanhando um pouco de azeite.<\/p>\n<p>&nbsp;<\/p>\n","protected":false},"excerpt":{"rendered":"<p>Etiam ultrices. Suspendisse in justo eu magna luctus suscipit. Sed lectus. Integer euismod lacus luctus magna. Quisque cursus, metus vitae.<\/p>\n","protected":false},"featured_media":365,"comment_status":"open","ping_status":"closed","template":"","meta":{"om_disable_all_campaigns":false,"_mi_skip_tracking":false},"product_cat":[17],"product_tag":[21,23,22],"aioseo_notices":[],"_links":{"self":[{"href":"https:\/\/terraalimentos.com.br\/index.php?rest_route=\/wp\/v2\/product\/83"}],"collection":[{"href":"https:\/\/terraalimentos.com.br\/index.php?rest_route=\/wp\/v2\/product"}],"about":[{"href":"https:\/\/terraalimentos.com.br\/index.php?rest_route=\/wp\/v2\/types\/product"}],"replies":[{"embeddable":true,"href":"https:\/\/terraalimentos.com.br\/index.php?rest_route=%2Fwp%2Fv2%2Fcomments&post=83"}],"wp:featuredmedia":[{"embeddable":true,"href":"https:\/\/terraalimentos.com.br\/index.php?rest_route=\/wp\/v2\/media\/365"}],"wp:attachment":[{"href":"https:\/\/terraalimentos.com.br\/index.php?rest_route=%2Fwp%2Fv2%2Fmedia&parent=83"}],"wp:term":[{"taxonomy":"product_cat","embeddable":true,"href":"https:\/\/terraalimentos.com.br\/index.php?rest_route=%2Fwp%2Fv2%2Fproduct_cat&post=83"},{"taxonomy":"product_tag","embeddable":true,"href":"https:\/\/terraalimentos.com.br\/index.php?rest_route=%2Fwp%2Fv2%2Fproduct_tag&post=83"}],"curies":[{"name":"wp","href":"https:\/\/api.w.org\/{rel}","templated":true}]}}