{"id":86,"date":"2021-01-02T04:52:48","date_gmt":"2021-01-02T04:52:48","guid":{"rendered":"http:\/\/terraalimentos.com.br\/?product=organic-cauliflower-2"},"modified":"2022-08-11T12:36:39","modified_gmt":"2022-08-11T12:36:39","slug":"organic-cauliflower-2","status":"publish","type":"product","link":"https:\/\/terraalimentos.com.br\/?product=organic-cauliflower-2","title":{"rendered":"Berinjela"},"content":{"rendered":"<p>Beneficios nutricionais<\/p>\n<div id=\"_fPf0YtrYJ6zQ1sQPu4Kk-AI92\" class=\"gy6Qzb oNjtBb V1sL5c\" aria-labelledby=\"_fPf0YtrYJ6zQ1sQPu4Kk-AI93\">\n<div class=\"dfiEbb\">\n<div id=\"_fPf0YtrYJ6zQ1sQPu4Kk-AI100\" class=\"h1v6L\" role=\"presentation\" data-hveid=\"CG4QAg\" data-ved=\"2ahUKEwjahueq5r75AhUsqJUCHTsBCS8Qw5oDKAF6BAhuEAI\">\n<div><\/div>\n<div id=\"fPf0YtrYJ6zQ1sQPu4Kk-AI__107\">\n<div class=\"wDYxhc NFQFxe viOShc LKPcQc\" lang=\"pt-BR\" data-md=\"471\">\n<div>\n<div class=\"V3FYCf\"><\/div>\n<\/div>\n<\/div>\n<\/div>\n<div id=\"fPf0YtrYJ6zQ1sQPu4Kk-AI__108\">\n<div class=\"wDYxhc\" lang=\"pt-BR\" data-md=\"83\">\n<div class=\"di3YZe\">\n<div class=\"co8aDb\" role=\"heading\" aria-level=\"3\"><b>Benef\u00edcios\u00a0da\u00a0berinjela\u00a0para a sua sa\u00fade<\/b><\/div>\n<div class=\"RqBzHd\">\n<ul class=\"i8Z77e\">\n<li class=\"TrT0Xe\">A\u00a0<b>berinjela<\/b>\u00a0\u00e9 rica em antioxidantes. &#8230;<\/li>\n<li class=\"TrT0Xe\">Alimento traz\u00a0<b>benef\u00edcios<\/b>\u00a0para o cora\u00e7\u00e3o. &#8230;<\/li>\n<li class=\"TrT0Xe\"><b>Berinjela<\/b>\u00a0emagrece. &#8230;<\/li>\n<li class=\"TrT0Xe\">\u00c9 rica em vitaminas do complexo B. &#8230;<\/li>\n<li class=\"TrT0Xe\">\u00c9 fonte de c\u00e1lcio, magn\u00e9sio e pot\u00e1ssio. &#8230;<\/li>\n<li class=\"TrT0Xe\"><b>Berinjela<\/b>\u00a0ajuda a manter a pele saud\u00e1vel. &#8230;<\/li>\n<li class=\"TrT0Xe\">Atua na preven\u00e7\u00e3o de diversos tipos de c\u00e2ncer.<\/li>\n<\/ul>\n<\/div>\n<\/div>\n<\/div>\n<\/div>\n<\/div>\n<\/div>\n<\/div>\n","protected":false},"excerpt":{"rendered":"<p>Etiam ultrices. Suspendisse in justo eu magna luctus suscipit. Sed lectus. Integer euismod lacus luctus magna. Quisque cursus, metus vitae.<\/p>\n","protected":false},"featured_media":364,"comment_status":"open","ping_status":"closed","template":"","meta":{"om_disable_all_campaigns":false,"_mi_skip_tracking":false},"product_cat":[17],"product_tag":[21,23,22],"aioseo_notices":[],"_links":{"self":[{"href":"https:\/\/terraalimentos.com.br\/index.php?rest_route=\/wp\/v2\/product\/86"}],"collection":[{"href":"https:\/\/terraalimentos.com.br\/index.php?rest_route=\/wp\/v2\/product"}],"about":[{"href":"https:\/\/terraalimentos.com.br\/index.php?rest_route=\/wp\/v2\/types\/product"}],"replies":[{"embeddable":true,"href":"https:\/\/terraalimentos.com.br\/index.php?rest_route=%2Fwp%2Fv2%2Fcomments&post=86"}],"wp:featuredmedia":[{"embeddable":true,"href":"https:\/\/terraalimentos.com.br\/index.php?rest_route=\/wp\/v2\/media\/364"}],"wp:attachment":[{"href":"https:\/\/terraalimentos.com.br\/index.php?rest_route=%2Fwp%2Fv2%2Fmedia&parent=86"}],"wp:term":[{"taxonomy":"product_cat","embeddable":true,"href":"https:\/\/terraalimentos.com.br\/index.php?rest_route=%2Fwp%2Fv2%2Fproduct_cat&post=86"},{"taxonomy":"product_tag","embeddable":true,"href":"https:\/\/terraalimentos.com.br\/index.php?rest_route=%2Fwp%2Fv2%2Fproduct_tag&post=86"}],"curies":[{"name":"wp","href":"https:\/\/api.w.org\/{rel}","templated":true}]}}